{"id":32,"date":"2014-09-12T07:53:11","date_gmt":"2014-09-12T06:53:11","guid":{"rendered":"http:\/\/wordpress.transmissions.de\/wordpress\/?page_id=32"},"modified":"2025-04-25T11:25:21","modified_gmt":"2025-04-25T10:25:21","slug":"kontakt-impressum","status":"publish","type":"page","link":"https:\/\/transmissions.de\/?page_id=32","title":{"rendered":"Kontakt \/ Impressum"},"content":{"rendered":"<p style=\"text-align: center;\"><strong>transmissions GmbH<\/strong><br \/>B\u00fcro f\u00fcr Kultur, Finanzen und Management<\/p>\n<p style=\"text-align: center;\">Johannisstr. 79<br \/>50668 K\u00f6ln<br \/>Gesch\u00e4ftsf\u00fchrer: B\u00e9la Bisom<\/p>\n<p style=\"text-align: center;\">Email: info (at) transmissions.de<\/p>\n<p style=\"text-align: center;\">e-Rechnungen: e-rechnung (at) transmissions.de<\/p>\n<p style=\"text-align: center;\">Telefon: +49 (0)221 2987 2525<\/p>\n<p style=\"text-align: center;\">Fax: +49 (0)221 678 110 96<\/p>\n<p style=\"text-align: center;\">Handelsregister: Amtsgericht K\u00f6ln HRB 100629<\/p>\n<p style=\"text-align: center;\">Inhaltlich Verantwortlicher gem\u00e4\u00df \u00a7 55 Abs. 2 RStV: B\u00e9la Bisom (Anschrift wie oben)<\/p>\n<p style=\"text-align: center;\">Haftungshinweis: Trotz sorgf\u00e4ltiger inhaltlicher Kontrolle \u00fcbernehmen wir keine Haftung f\u00fcr die Inhalte externer Links. F\u00fcr den Inhalt der verlinkten Seiten sind ausschlie\u00dflich deren Betreiber verantwortlich.<\/p>\n<p style=\"text-align: center;\">\u00a0<\/p>\n\n\n<h2 class=\"wp-block-heading has-text-align-center\">Kontakt \/ Verantwortliche<\/h2>\n\n\n\n<p class=\"has-text-align-center\">transmissions GmbH<br>Johannisstr. 79, 50668 K\u00f6ln<br>T. +49 (0)221 \u2013 2987 2525<br>info (at) transmissions.de<br>Gesch\u00e4ftsf\u00fchrung: B\u00e9la Bisom<\/p>\n\n\n\n<p class=\"has-text-align-center\"><\/p>\n\n\n\n<p><\/p>\n","protected":false},"excerpt":{"rendered":"<p>transmissions GmbHB\u00fcro f\u00fcr Kultur, Finanzen und Management Johannisstr. 7950668 K\u00f6lnGesch\u00e4ftsf\u00fchrer: B\u00e9la Bisom Email: info (at) transmissions.de e-Rechnungen: e-rechnung (at) transmissions.de Telefon: +49 (0)221 2987 2525 Fax: +49 (0)221 678 110 96 Handelsregister: Amtsgericht K\u00f6ln HRB 100629 Inhaltlich Verantwortlicher gem\u00e4\u00df \u00a7 55 Abs. 2 RStV: B\u00e9la Bisom (Anschrift wie oben) Haftungshinweis: Trotz sorgf\u00e4ltiger inhaltlicher Kontrolle \u00fcbernehmen [&hellip;]<\/p>\n","protected":false},"author":1,"featured_media":0,"parent":0,"menu_order":0,"comment_status":"closed","ping_status":"closed","template":"","meta":{"footnotes":""},"class_list":["post-32","page","type-page","status-publish","hentry"],"aioseo_notices":[],"_links":{"self":[{"href":"https:\/\/transmissions.de\/index.php?rest_route=\/wp\/v2\/pages\/32","targetHints":{"allow":["GET"]}}],"collection":[{"href":"https:\/\/transmissions.de\/index.php?rest_route=\/wp\/v2\/pages"}],"about":[{"href":"https:\/\/transmissions.de\/index.php?rest_route=\/wp\/v2\/types\/page"}],"author":[{"embeddable":true,"href":"https:\/\/transmissions.de\/index.php?rest_route=\/wp\/v2\/users\/1"}],"replies":[{"embeddable":true,"href":"https:\/\/transmissions.de\/index.php?rest_route=%2Fwp%2Fv2%2Fcomments&post=32"}],"version-history":[{"count":27,"href":"https:\/\/transmissions.de\/index.php?rest_route=\/wp\/v2\/pages\/32\/revisions"}],"predecessor-version":[{"id":630,"href":"https:\/\/transmissions.de\/index.php?rest_route=\/wp\/v2\/pages\/32\/revisions\/630"}],"wp:attachment":[{"href":"https:\/\/transmissions.de\/index.php?rest_route=%2Fwp%2Fv2%2Fmedia&parent=32"}],"curies":[{"name":"wp","href":"https:\/\/api.w.org\/{rel}","templated":true}]}}